13 + 223003?
223022
In base 5, what is 1 + -102103133?
-102103132
In base 13, what is -25406 + 4?
-25402
In base 11, what is -106106 - 1?
-106107
In base 6, what is 535524 - 1?
535523
In base 10, what is -2 - 316241?
-316243
In base 5, what is -1 + -1134323?
-1134324
In base 2, what is 11 + 11101000000001111?
11101000000010010
In base 5, what is 40 - -143141?
143231
In base 7, what is 220166 + 5?
220204
In base 9, what is -4 - -81624?
81620
In base 7, what is 143323 + 2?
143325
In base 6, what is -3501 + 52?
-3405
In base 16, what is 18 + 499?
4b1
In base 6, what is 4 - -20555115?
20555123
In base 4, what is 13333 - 1211?
12122
In base 2, what is -111010 - 1000000001110001?
-1000000010101011
In base 14, what is a05 + 5?
a0a
In base 7, what is -4355 - -1116?
-3236
In base 16, what is -e80 - 1ae?
-102e
In base 15, what is 4 - -158?
15c
In base 2, what is 111111011 + -100100?
111010111
In base 2, what is -1110110000 - 11110101101?
-101101011101
In base 4, what is 221123 + 1?
221130
In base 11, what is -11959 + 64?
-118a5
In base 2, what is 100011011111 - -10?
100011100001
In base 2, what is 10001100001 + -10000000?
1111100001
In base 4, what is -1023330 + -21?
-1030011
In base 13, what is -1775 - 7?
-177c
In base 12, what is 3 - 3b532b?
-3b5328
In base 10, what is -76 + 546?
470
In base 7, what is 1316 + 4113?
5432
In base 10, what is 676601 + 1?
676602
In base 9, what is -50 - 36?
-86
In base 8, what is 113 + -5760?
-5645
In base 7, what is 1204662 + 1?
1204663
In base 7, what is 4052 - -232?
4314
In base 15, what is 2d98 - 22?
2d76
In base 11, what is -1 + -16606?
-16607
In base 9, what is -5181757 - 1?
-5181758
In base 2, what is 11 - -11101011011101100110?
11101011011101101001
In base 14, what is 68 - 3d9?
-371
In base 13, what is -2c - 2130?
-215c
In base 10, what is -97 + -8678?
-8775
In base 4, what is -2120323020 - -10?
-2120323010
In base 5, what is -14 - 1103313?
-1103332
In base 3, what is -2 + 111010?
111001
In base 7, what is -22430 + -15?
-22445
In base 14, what is 2 + -5412c?
-5412a
In base 15, what is -14 + 6744?
6730
In base 8, what is 3522 - 24?
3476
In base 6, what is -24403 - -122?
-24241
In base 11, what is 43 + 717?
75a
In base 15, what is -6 - 8a9a3?
-8a9a9
In base 7, what is -3 + -655022?
-655025
In base 9, what is 11114 - -6?
11121
In base 7, what is -142 - 246143?
-246315
In base 16, what is 282 - -68?
2ea
In base 15, what is -5db1 + -3?
-5db4
In base 15, what is 99b - 7d?
91d
In base 16, what is -5d9f8 + -4?
-5d9fc
In base 11, what is -3193 - 38?
-3220
In base 11, what is 2274 + -149?
2126
In base 12, what is 23471 - -12?
23483
In base 7, what is 2062 + -34?
2025
In base 2, what is 10111000100110001 - -1101?
10111000100111110
In base 15, what is -10ce6 + 9?
-10cdc
In base 14, what is -11 - -cbc?
cab
In base 8, what is -1 - 21?
-22
In base 10, what is -295664 + 4?
-295660
In base 13, what is 1 + -85a6a?
-85a69
In base 8, what is -1 + -2014355?
-2014356
In base 3, what is -220222012 - 100100?
-221022112
In base 15, what is -1 - -ba75?
ba74
In base 7, what is -420 - 422?
-1142
In base 16, what is 14 + -6d5a?
-6d46
In base 8, what is -27756 - 13?
-27771
In base 15, what is -5 + cd213?
cd20d
In base 4, what is -2 - 102331133?
-102331201
In base 2, what is 111010010010001010 + 1?
111010010010001011
In base 14, what is a49a + 12?
a4ac
In base 6, what is 224 - -11121?
11345
In base 16, what is 6ee8 - -2?
6eea
In base 11, what is -8858a7 + -2?
-8858a9
In base 8, what is -372154 + 1?
-372153
In base 9, what is 1 + -14521?
-14520
In base 3, what is 112 - 100101010?
-100100121
In base 3, what is -10 + 21012212?
21012202
In base 10, what is -104 + -486?
-590
In base 2, what is 1 + -100111111001011?
-100111111001010
In base 3, what is -2010 + -1002102?
-1011112
In base 2, what is -1111100101100011100 - 101?
-1111100101100100001
In base 8, what is 115446 - 3?
115443
In base 6, what is -1 + 1055511?
1055510
In base 11, what is 108a1 - -5?
108a6
In base 9, what is -4622 + -62?
-4684
In base 11, what is 0 - -7521?
7521
In base 11, what is 286137 + 1?
286138
In base 3, what is 11010112100 + 221?
11010120021
In base 11, what is -6 + -168?
-173
In base 2, what is 11110001001011001110 - 100?
11110001001011001010
In base 6, what is 5 + 51?
100
In base 15, what is -2 + -4c8?
-4ca
In base 5, what is 303021 - -20?
303041
In base 12, what is 12429 + -a?
1241b
In base 16, what is 52e + 30f?
83d
In base 13, what is 180 - 68?
115
In base 14, what is 9c5 + ca?
ab1
In base 9, what is 20441 - 2?
20438
In base 16, what is -54e + -2e?
-57c
In base 3, what is 10100122122222 - 1?
10100122122221
In base 9, what is 0 - 63883?
-63883
In base 5, what is -2420 + 424?
-1441
In base 4, what is -30312 + -13001?
-103313
In base 13, what is -3 + 44435?
44432
In base 9, what is 1 + 214536?
214537
In base 11, what is -62a - 3?
-632
In base 16, what is -53b + -5a1?
-adc
In base 10, what is 40424 + -5?
40419
In base 12, what is 6 + 13a90?
13a96
In base 3, what is -21100 + -101122?
-122222
In base 10, what is 91 + -2311?
-2220
In base 14, what is 34b6 - 1d?
3497
In base 6, what is -331 + -100344?
-101115
In base 4, what is 1130100 - 20?
1130020
In base 16, what is -cf + -759?
-828
In base 2, what is 10010 - -111110001001100?
111110001011110
In base 14, what is 0 - -891?
891
In base 5, what is 1010 + 12432?
13442
In base 13, what is -486 - -25?
-461
In base 2, what is 10100100100011110 + 101?
10100100100100011
In base 2, what is 11011 - 11100011011?
-11100000000
In base 10, what is -730 - -134?
-596
In base 2, what is 110110111 - 1111101?
100111010
In base 10, what is 1178988 + -3?
1178985
In base 8, what is -2142120 + -6?
-2142126
In base 14, what is 3 + 4a0a6?
4a0a9
In base 12, what is -3459 - -6?
-3453
In base 8, what is 0 - -1533211?
1533211
In base 12, what is 5 - 392b94?
-392b8b
In base 12, what is 2 + 83b8?
83ba
In base 16, what is dc495 + 1?
dc496
In base 13, what is 29 - -25?
51
In base 2, what is 100 + -1001110101010?
-1001110100110
In base 14, what is -27a + -569?
-805
In base 12, what is -6a7 + 288?
-41b
In base 3, what is -1 - -210202211210?
210202211202
In base 12, what is -188 + -372?
-53a
In base 4, what is 3333 + -1231?
2102
In base 16, what is -2 + -8b859?
-8b85b
In base 14, what is -5 - -1a448b?
1a4486
In base 4, what is -2002102 - -10332?
-1331110
In base 2, what is 11000 + 100010000011?
100010011011
In base 8, what is -673 + 133?
-540
In base 4, what is -100232 + -2010?
-102302
In base 4, what is 330133 + 33?
330232
In base 9, what is 2 + -32454?
-32452
In base 15, what is 4 - 2e53?
-2e4e
In base 4, what is -1000 - -22221102?
22220102
In base 12, what is 58 - 790?
-734
In base 6, what is -1150213 + -20?
-1150233
In base 8, what is -53400 + -24?
-53424
In base 16, what is 3 + -619fc?
-619f9
In base 6, what is -40000 - -351?
-35205
In base 13, what is -6 + -10bb8?
-10bc1
In base 2, what is -100000001100010 + -100?
-100000001100110
In base 5, what is 300 + 102021?
102321
In base 8, what is 17 + 13037?
13056
In base 13, what is -46 - 7?
-50
In base 9, what is -1531 + -21?
-1552
In base 14, what is -1a + -cc19?
-cc35
In base 7, what is 143 + -30?
113
In base 10, what is -6070991 - 5?
-6070996
In base 12, what is -6b922 - 5?
-6b927
In base 3, what is 21112021201000 - -12?
21112021201012
In base 15, what is 15e49e - -1?
15e4a0
In base 12, what is 3 - 611?
-60a
In base 9, what is -1452 + -406?
-1858
In base 2, what is 110100111110010010000 - -1?
110100111110010010001
In base 14, what is -4906b + 2?
-49069
In base 14, what is -51 + -7c80?
-7cd1
In base 6, what is -5321404 + 3?
-5321401
In base 14, what is -9547 + 5?
-9542
In base 4, what is 21330 + -3200?
12130
In base 4, what is -13 - -103333111?
103333032
In base 3, what is 1 - 11111201010?
-11111201002
In base 9, what is 364280 - 16?
364263
In base 8, what is 1 - 25666?
-25665
In base 9, what is -12816 - -3?
-12813
In base 16, what is 1f0 + 43?
233
In base 15, what is 1558 + 3?
155b
In base 9, what is -38276 + -4?
-38281
In base 6, what is 52014333 - -4?
52014341
In base 10, what is -1 + 8697?
8696
In base 11, what is -24 + -5930?
-5954
In base 9, what is 700 + -170?
520
In base 2, what is 110111110110 + -1001?
110111101101
In base 13, what is 1 - -1ba33b?
1ba33c
In base 6, what is 22 - -2252?
2314
In 